{"id":842,"date":"2024-08-13T12:40:23","date_gmt":"2024-08-13T10:40:23","guid":{"rendered":"https:\/\/premios.asociacionpodcast.es\/?page_id=842"},"modified":"2024-08-20T14:31:02","modified_gmt":"2024-08-20T12:31:02","slug":"2-bases-2024","status":"publish","type":"page","link":"https:\/\/premios.asociacionpodcast.es\/index.php\/2-bases-2024\/","title":{"rendered":"BASES 2024"},"content":{"rendered":"\n<hr class=\"wp-block-separator has-alpha-channel-opacity\"\/>\n\n\n\n<p class=\"has-large-font-size\">XIV Premios de la Asociaci\u00f3n Podcast<\/p>\n\n\n\n<hr class=\"wp-block-separator has-alpha-channel-opacity\"\/>\n\n\n\n<p>A continuaci\u00f3n, podr\u00e1s conocer las bases que rigen los \u2018Premios de la Asociaci\u00f3n Podcast en su XIV Edici\u00f3n\u2019 correspondiente al a\u00f1o 2024.<\/p>\n\n\n\n<p><strong>Te invitamos a leerlas y conocer cu\u00e1les son los requisitos para participar.<\/strong><\/p>\n\n\n\n<h3 class=\"wp-block-heading\">1.  <strong>Inscripci\u00f3n<\/strong><\/h3>\n\n\n\n<p>S\u00f3lo podr\u00e1n inscribirse podcasts realizados en territorio espa\u00f1ol o por espa\u00f1oles residentes en Espa\u00f1a y en cualquiera de las lenguas oficiales del Estado espa\u00f1ol. La Asociaci\u00f3n Podcast convoca los XIV Premios de Podcasting con el fin de distinguir a los programas, personas e iniciativas que se sobresalen en el \u00e1mbito del podcasting espa\u00f1ol en el per\u00edodo del 1 de agosto de 2023 al 31 de julio de 2024.<\/p>\n\n\n\n<p>Es obligatorio rellenar todos los campos del formulario de inscripci\u00f3n, incluyendo el enlace al episodio m\u00e1s representativo del a\u00f1o para la evaluaci\u00f3n del jurado en caso de pasar a la final, as\u00ed como el audio de presentaci\u00f3n del podcast.<\/p>\n\n\n\n<p>Cada podcast se inscribe <strong>solo en una<\/strong> de la Categor\u00eda Tem\u00e1tica que considere correcta.  Y en el caso de optar a ser candidato a Mejor Podcast Revelaci\u00f3n y cumplir los requisitos, se deber\u00e1 marcar la casilla indicada para tal fin.<\/p>\n\n\n\n<h4 class=\"wp-block-heading\"><strong>1.1 Premios designados por un jurado:<\/strong><\/h4>\n\n\n\n<ul>\n<li>Podcast del a\u00f1o 2024<\/li>\n\n\n\n<li>Podcast revelaci\u00f3n 2024<\/li>\n<\/ul>\n\n\n\n<h4 class=\"wp-block-heading\"><strong>1.2 Premios designados por votaci\u00f3n:<\/strong><\/h4>\n\n\n\n<ul>\n<li>Actualidad y Sociedad<\/li>\n\n\n\n<li>Cultura y Ciencia<\/li>\n\n\n\n<li>Ficci\u00f3n Sonora \/ Audiolibros<\/li>\n\n\n\n<li>Humor y Comedia<\/li>\n\n\n\n<li>Misterio, Cr\u00f3nica Negra y True Crime<\/li>\n\n\n\n<li>Ocio y Aficiones<\/li>\n\n\n\n<li>Salud y Deporte<\/li>\n\n\n\n<li>Tecnolog\u00eda y Marketing<\/li>\n<\/ul>\n\n\n\n<p><strong>1.3. Los Premios se otorgan en las Categor\u00edas que se describen en esta p\u00e1gina.<\/strong><\/p>\n\n\n\n<p><strong>1.4. Los podcasts inscritos deben cumplir al menos una de las siguientes condiciones de las fechas especificadas:<\/strong><\/p>\n\n\n\n<p><strong>1.4.1.<\/strong> Haber publicado al menos 6 episodios y que el primer programa haya sido emitido entre el 1 de agosto de 2023 al 30 de junio de 2024<\/p>\n\n\n\n<p><strong>1.4.2.<\/strong> Tener un m\u00ednimo de 240 minutos publicados.<\/p>\n\n\n\n<p><strong>1.4.3<\/strong>. Podcast Revelaci\u00f3n: En el caso de querer inscribir tu podcast en la categor\u00eda de Podcast Revelaci\u00f3n, deber\u00e1 cumplir los requisitos de los puntos 1.4.1 y 1.4.2.<\/p>\n\n\n\n<h3 class=\"wp-block-heading\"><strong>2. Fases 2024<\/strong><\/h3>\n\n\n\n<p><strong>2.1.<\/strong> Los Premios se desarrollar\u00e1n en las Fases con el calendario descrito en esta p\u00e1gina.<\/p>\n\n\n\n<p><strong>2.2.<\/strong> Una vez concluida la fase de inscripci\u00f3n, no se admitir\u00e1 ninguna nueva inscripci\u00f3n.<\/p>\n\n\n\n<p><strong>2.3.<\/strong> Una vez inscrito un podcast, se tendr\u00e1 que aceptar la confirmaci\u00f3n de inscripci\u00f3n mediante correo electr\u00f3nico.<\/p>\n\n\n\n<h3 class=\"wp-block-heading\"><strong>3. Exclusiones<\/strong><\/h3>\n\n\n\n<p><strong>3.1.<\/strong> Los ganadores de la edici\u00f3n anterior, sea cual sea la categor\u00eda en la que ganasen, no podr\u00e1n participar en la siguiente edici\u00f3n. (Esta normativa se aplicar\u00e1 a partir de la edici\u00f3n XV).<\/p>\n\n\n\n<p><strong>3.2.<\/strong> Si una categor\u00eda (Link a categor\u00edas) no recibiera un m\u00ednimo de 5 podcasts inscritos, quedar\u00e1 anulada. La Comisi\u00f3n de los Premios de la Asociaci\u00f3n decidir\u00e1 en qu\u00e9 categor\u00eda ser\u00e1n reubicados los podcasts restantes para cada inscripci\u00f3n.<\/p>\n\n\n\n<p><strong>3.3.<\/strong> Cada podcast se inscribe en la Categor\u00eda Tem\u00e1tica que considere correcta. La Organizaci\u00f3n se reserva el derecho de corregir dicha inscripci\u00f3n cotejando sitios como iTunes, iVoox, Spreaker, etc.<\/p>\n\n\n\n<p><strong>3.4.<\/strong> Para cualquier aclaraci\u00f3n o consulta se utilizar\u00e1 la cuenta de correo electr\u00f3nico proporcionada por el podcast en el momento de la inscripci\u00f3n.<\/p>\n\n\n\n<h3 class=\"wp-block-heading\"><strong>4. Votaciones<\/strong><\/h3>\n\n\n\n<p>En las Fases de votaci\u00f3n (1\u00aa Fase) y Votaci\u00f3n Final, se pueden dejar Categor\u00edas sin votar.<\/p>\n\n\n\n<h4 class=\"wp-block-heading\"><strong>4.1. 1\u00aa Fase:<\/strong><\/h4>\n\n\n\n<p><strong>4.1.1.<\/strong> En la Fase de Puntuaci\u00f3n podr\u00e1n votar tanto socios como simpatizantes dados de alta en la Asociaci\u00f3n Podcast hasta el d\u00eda 18 de agosto de 2024.<\/p>\n\n\n\n<p><strong>4.1.2. Categor\u00edas votadas por Socios y Simpatizantes de la Asociaci\u00f3n Podcast:<\/strong><\/p>\n\n\n\n<ul>\n<li>Actualidad y Sociedad<\/li>\n\n\n\n<li>Salud y Deporte<\/li>\n\n\n\n<li>Cultura y Ciencia<\/li>\n\n\n\n<li>Ocio y Aficiones<\/li>\n\n\n\n<li>Misterio, Cr\u00f3nica Negra y True Crime<\/li>\n\n\n\n<li>Tecnolog\u00eda y Marketing<\/li>\n\n\n\n<li>Humor y Comedia<\/li>\n\n\n\n<li>Ficci\u00f3n Sonora \/ Audiolibros<\/li>\n<\/ul>\n\n\n\n<p><strong>4.1.3.<\/strong> El socio y\/o simpatizante de la Asociaci\u00f3n puede votar un m\u00e1ximo de 3 podcasts en cada categor\u00eda.<\/p>\n\n\n\n<p><strong>4.1.4.<\/strong> Pasar\u00e1n a la fase final los 5 podcasts con mayor n\u00famero de votos en cada categor\u00eda.<\/p>\n\n\n\n<p><strong>4.1.5.<\/strong> En caso de un empate entre los inscritos, la Organizaci\u00f3n de los Premios se reserva el derecho de ampliar, reducir o reubicar a los candidatos finalistas en esa categor\u00eda.<\/p>\n\n\n\n<p><strong>4.2 Fase final de votaciones:<\/strong> En la fase de votaci\u00f3n final s\u00f3lo podr\u00e1n votar los socios dados de alta en la Asociaci\u00f3n hasta el d\u00eda 18 de agosto de 2024.<\/p>\n\n\n\n<p><strong>4.2.1. Votaci\u00f3n final Mejor Podcast del Jurado:<\/strong><\/p>\n\n\n\n<p>Un jurado independiente dar\u00e1 su valoraci\u00f3n individual de cada episodio del podcast inscrito que pase a la fase final.<\/p>\n\n\n\n<p>El jurado dar\u00e1 la valoraci\u00f3n en diferentes puntos del podcast:<\/p>\n\n\n\n<ul>\n<li>Contenido<\/li>\n\n\n\n<li>Presentaci\u00f3n<\/li>\n\n\n\n<li>Producci\u00f3n<\/li>\n<\/ul>\n\n\n\n<p><strong>4.2.2. Votaci\u00f3n final en categor\u00edas:<\/strong><\/p>\n\n\n\n<p>Cada socio escoger\u00e1 un m\u00e1ximo de 3 podcasts por Categor\u00eda, y el podcast que m\u00e1s votos obtenga se llevar\u00e1 el Premio en esa Categor\u00eda.<\/p>\n\n\n\n<p>En caso de empate, el Premio se otorgar\u00e1 al podcast que tenga al menos un integrante como socio de la Asociaci\u00f3n. En caso de un nuevo empate, ganar\u00e1 el podcast que haya obtenido m\u00e1s puntos en la Fase de Puntuaci\u00f3n (1\u00aa Fase). En caso de empatar de nuevo, ganar\u00e1n los podcasts empatados que cumplan estas condiciones.<\/p>\n\n\n\n<p><strong>4.3. Premio Podcast Revelaci\u00f3n<\/strong><\/p>\n\n\n\n<p>El podcast ganador del Premio Revelaci\u00f3n ser\u00e1 el que tenga mejor puntuaci\u00f3n total de los podcasts que pasen a la valoraci\u00f3n final del jurado.<\/p>\n\n\n\n<p>En caso de que no haya ning\u00fan podcast revelaci\u00f3n en la fase final, se tendr\u00e1 en cuenta el mejor clasificado fuera de la lista de finalistas.<\/p>\n\n\n\n<h3 class=\"wp-block-heading\"><strong>5. Ceremonia de los Premios<\/strong><\/h3>\n\n\n\n<p>La ceremonia de entrega de premios tendr\u00e1 lugar durante las Jornadas de Podcasting de 2024 en Valencia.<\/p>\n\n\n\n<p><strong>5.1.<\/strong> Se entregar\u00e1n los premios a Mejor Podcast del A\u00f1o y a Mejor Podcast Revelaci\u00f3n, escogidos por un jurado independiente.<\/p>\n\n\n\n<p><strong>5.2.<\/strong> Se entregar\u00e1 el trofeo al primer clasificado de cada Categor\u00eda escogido por las votaciones de los Socios y Simpatizantes de la Asociaci\u00f3n Podcast.<\/p>\n\n\n\n<p><strong>5.3.<\/strong> Se les har\u00e1 llegar un reconocimiento digital a los finalistas de las mismas.<\/p>\n\n\n\n<p><strong>5.4.<\/strong> El trofeo se entregar\u00e1 de manera presencial en las JPOD.<\/p>\n\n\n\n<p><strong>5.5.<\/strong> Los podcasts ganadores en todas las categor\u00edas tendr\u00e1n visibilidad dentro del Podcast de la Asociaci\u00f3n e impacto en las redes sociales de la Asociaci\u00f3n, dando as\u00ed el reconocimiento que se merecen.<\/p>\n\n\n\n<p><strong>5.6.<\/strong> La Junta Directiva de la Asociaci\u00f3n Podcast podr\u00e1 dar uno o varios Premios Honor\u00edficos en el evento.<\/p>\n\n\n\n<h3 class=\"wp-block-heading\"><strong>6. Desistimiento<\/strong><\/h3>\n\n\n\n<p>Los podcasts inscritos tienen el derecho de retirar su inscripci\u00f3n en cualquier momento del procedimiento, comunic\u00e1ndole su decisi\u00f3n a la Asociaci\u00f3n Podcast por email dirigido a <a>info@asociacionpodcast.es<\/a>.<\/p>\n\n\n\n<h3 class=\"wp-block-heading\"><strong>7. Aprobaci\u00f3n<\/strong><\/h3>\n\n\n\n<p>La participaci\u00f3n en los Premios supone la aceptaci\u00f3n de las presentes Bases.<\/p>\n\n\n\n<h3 class=\"wp-block-heading\"><strong>8. Dudas<\/strong><\/h3>\n\n\n\n<p>La Organizaci\u00f3n de los Premios resolver\u00e1 cuantas incidencias puedan derivarse de la interpretaci\u00f3n de estas Bases dentro de las fechas indicadas en las Fases 2024.<\/p>\n","protected":false},"excerpt":{"rendered":"<p>XIV Premios de la Asociaci\u00f3n Podcast A continuaci\u00f3n, podr\u00e1s conocer las bases que rigen los \u2018Premios de la Asociaci\u00f3n Podcast en su XIV Edici\u00f3n\u2019 correspondiente al a\u00f1o 2024. Te invitamos a leerlas y conocer cu\u00e1les son los requisitos para participar. 1. Inscripci\u00f3n S\u00f3lo podr\u00e1n inscribirse podcasts realizados en territorio espa\u00f1ol o por espa\u00f1oles residentes en&hellip;&nbsp;<a href=\"https:\/\/premios.asociacionpodcast.es\/index.php\/2-bases-2024\/\" rel=\"bookmark\">Leer m\u00e1s &raquo;<span class=\"screen-reader-text\">BASES 2024<\/span><\/a><\/p>\n","protected":false},"author":1,"featured_media":0,"parent":0,"menu_order":0,"comment_status":"closed","ping_status":"closed","template":"","meta":{"neve_meta_sidebar":"full-width","neve_meta_container":"full-width","neve_meta_enable_content_width":"on","neve_meta_content_width":70,"neve_meta_title_alignment":"left","neve_meta_author_avatar":"","neve_post_elements_order":"","neve_meta_disable_header":"off","neve_meta_disable_footer":"off","neve_meta_disable_title":"off","footnotes":""},"_links":{"self":[{"href":"https:\/\/premios.asociacionpodcast.es\/index.php\/wp-json\/wp\/v2\/pages\/842"}],"collection":[{"href":"https:\/\/premios.asociacionpodcast.es\/index.php\/wp-json\/wp\/v2\/pages"}],"about":[{"href":"https:\/\/premios.asociacionpodcast.es\/index.php\/wp-json\/wp\/v2\/types\/page"}],"author":[{"embeddable":true,"href":"https:\/\/premios.asociacionpodcast.es\/index.php\/wp-json\/wp\/v2\/users\/1"}],"replies":[{"embeddable":true,"href":"https:\/\/premios.asociacionpodcast.es\/index.php\/wp-json\/wp\/v2\/comments?post=842"}],"version-history":[{"count":12,"href":"https:\/\/premios.asociacionpodcast.es\/index.php\/wp-json\/wp\/v2\/pages\/842\/revisions"}],"predecessor-version":[{"id":1024,"href":"https:\/\/premios.asociacionpodcast.es\/index.php\/wp-json\/wp\/v2\/pages\/842\/revisions\/1024"}],"wp:attachment":[{"href":"https:\/\/premios.asociacionpodcast.es\/index.php\/wp-json\/wp\/v2\/media?parent=842"}],"curies":[{"name":"wp","href":"https:\/\/api.w.org\/{rel}","templated":true}]}}