{"id":33,"date":"2023-06-27T09:26:01","date_gmt":"2023-06-27T07:26:01","guid":{"rendered":"https:\/\/premios.asociacionpodcast.es\/?page_id=33"},"modified":"2023-07-23T14:29:08","modified_gmt":"2023-07-23T12:29:08","slug":"bases-2023","status":"publish","type":"page","link":"https:\/\/premios.asociacionpodcast.es\/index.php\/bases-2023\/","title":{"rendered":"BASES &#8211; PREMIOS 2023"},"content":{"rendered":"\n<p>A continuaci\u00f3n podr\u00e1s conocer las bases que rigen los <strong>&#8216;Premios de la Asociaci\u00f3n Podcast en su XIII Edici\u00f3n&#8217; <\/strong>correspondiente al a\u00f1o 2023.<\/p>\n\n\n\n<p>Te invitamos a leerlas y conocer cuales son los requisitos para participar.<\/p>\n\n\n\n<ol type=\"I\">\n<li>En las Categor\u00edas Tem\u00e1ticas y T\u00e9cnicas s\u00f3lo podr\u00e1n inscribirse podcasts realizados en territorio espa\u00f1ol o por espa\u00f1oles no residentes en Espa\u00f1a y en cualquiera de las lenguas cooficiales del estado espa\u00f1ol. Asimismo, en las categor\u00edas de \u201cMejor Podcaster\u201d s\u00f3lo podr\u00e1n inscribirse podcasters espa\u00f1oles o residentes en Espa\u00f1a.\n<ul>\n<li>La Asociaci\u00f3n Podcast convoca los &#8216;<strong>13\u00ba PREMIOS de PODCASTING<\/strong>&#8216; con el fin de distinguir a los programas, personas e iniciativas que se han distinguido en el \u00e1mbito del podcasting espa\u00f1ol en el periodo Diciembre 2022-Julio 2023.&nbsp;<a href=\"https:\/\/premios.asociacionpodcast.es\/index.php\/categorias-2023-falta-revisar\/\" target=\"_blank\" rel=\"noreferrer noopener\">Los Premios se otorgan en las Categor\u00edas que se describen en esta p\u00e1gina<\/a>.<\/li>\n<\/ul>\n<\/li>\n\n\n\n<li><a href=\"https:\/\/premios.asociacionpodcast.es\/index.php\/fases-2023-falta-revisar\/\" target=\"_blank\" rel=\"noreferrer noopener\">Los Premios se desarrollar\u00e1n en Fases con el calendario descrito en esta p\u00e1gina<\/a>.<\/li>\n\n\n\n<li>En la Fase de Puntuaci\u00f3n podr\u00e1n puntuar tanto socios como simpatizantes (simpatizantes dados de alta en la Asociaci\u00f3n hasta el d\u00eda 25\/07\/2023). En la fase de Votaci\u00f3n podr\u00e1n votar los socios dados de alta en la Asociaci\u00f3n hasta el d\u00eda 25\/07\/2023.<\/li>\n\n\n\n<li>En la Fase de Puntuaci\u00f3n podr\u00e1n puntuar tanto socios como simpatizantes (simpatizantes dados de alta en la Asociaci\u00f3n hasta el d\u00eda 25\/07\/2023). En la fase de Votaci\u00f3n podr\u00e1n votar los socios dados de alta en la Asociaci\u00f3n hasta el d\u00eda 25\/07\/2023.<\/li>\n\n\n\n<li>Las&nbsp;<a href=\"https:\/\/premios.asociacionpodcast.es\/index.php\/categorias-2023-falta-revisar\/\">Categor\u00edas relacionadas<\/a>&nbsp;ser\u00e1n v\u00e1lidas autom\u00e1ticamente en el caso de registrarse un m\u00ednimo de 6 inscripciones. En caso contrario, los podcasts inscritos en dichas Categor\u00edas pasar\u00e1n a la Categor\u00eda \u201cGeneral\u201d.<\/li>\n\n\n\n<li>Los podcasts inscritos deben cumplir las siguientes condiciones:\n<ol type=\"I\">\n<li>Haber publicado al menos 3 episodios desde el d\u00eda siguiente a la fecha de publicaci\u00f3n de las Bases de la edici\u00f3n anterior, en este caso, Julio 2023 hasta la fecha de publicaci\u00f3n de estas Bases.<\/li>\n<\/ol>\n<\/li>\n\n\n\n<li>Cada podcast se inscribe en la Categor\u00eda Tem\u00e1tica que considere correcta. La Organizaci\u00f3n se reserva el derecho de corregir dicha inscripci\u00f3n cotejando sitios como iTunes, iVoox, Spreaker, etc. Para cualquier aclaraci\u00f3n o consulta se utilizar\u00e1 la cuenta de correo electr\u00f3nico proporcionada por el podcast en el momento de su inscripci\u00f3n.<\/li>\n\n\n\n<li>Los podcasts\/podcasters inscritos tienen el derecho de retirar su inscripci\u00f3n en cualquier momento del procedimiento, comunic\u00e1ndole su decisi\u00f3n a la Asociaci\u00f3n Podcast por email dirigido a info@asociacionpodcast.es<\/li>\n\n\n\n<li>Los podcasters inscritos tendr\u00e1n obligaci\u00f3n de dar su nombre completo y apellidos reales en la inscripci\u00f3n, as\u00ed como enviar una foto de si mismos en caso de llegar a la final.<\/li>\n\n\n\n<li>Es obligatorio que se suba una fotograf\u00eda del podcaster inscrito. En caso de no tener dicho requisito, la inscripci\u00f3n se considerar\u00e1 nula. <\/li>\n\n\n\n<li>Una vez concluido el periodo de inscripci\u00f3n no se admitir\u00e1 ninguna nueva inscripci\u00f3n.<\/li>\n\n\n\n<li>En las Fases de Puntuaci\u00f3n y Votaci\u00f3n Final se pueden dejar Categor\u00edas sin puntuar\/votar.<\/li>\n\n\n\n<li>La ceremonia de entrega de premios tendr\u00e1 lugar &nbsp;durante las Jornadas de Podcasting de 2023 en Gand\u00eda. Se entregar\u00e1 el trofeo al primer clasificado de cada Categor\u00eda, y asimismo se les har\u00e1 llegar un reconocimiento especial a los finalistas de las mismas.<\/li>\n\n\n\n<li>La Organizaci\u00f3n de los Premios resolver\u00e1 cuantas incidencias puedan derivarse de la interpretaci\u00f3n de estas Bases.<\/li>\n\n\n\n<li>La participaci\u00f3n en los Premios supone la aceptaci\u00f3n de las presentes Bases.<\/li>\n<\/ol>\n","protected":false},"excerpt":{"rendered":"<p>A continuaci\u00f3n podr\u00e1s conocer las bases que rigen los &#8216;Premios de la Asociaci\u00f3n Podcast en su XIII Edici\u00f3n&#8217; correspondiente al a\u00f1o 2023. Te invitamos a leerlas y conocer cuales son los requisitos para participar.<\/p>\n","protected":false},"author":1,"featured_media":0,"parent":0,"menu_order":0,"comment_status":"closed","ping_status":"closed","template":"","meta":{"neve_meta_sidebar":"full-width","neve_meta_container":"contained","neve_meta_enable_content_width":"on","neve_meta_content_width":70,"neve_meta_title_alignment":"left","neve_meta_author_avatar":"","neve_post_elements_order":"","neve_meta_disable_header":"off","neve_meta_disable_footer":"","neve_meta_disable_title":"","footnotes":""},"_links":{"self":[{"href":"https:\/\/premios.asociacionpodcast.es\/index.php\/wp-json\/wp\/v2\/pages\/33"}],"collection":[{"href":"https:\/\/premios.asociacionpodcast.es\/index.php\/wp-json\/wp\/v2\/pages"}],"about":[{"href":"https:\/\/premios.asociacionpodcast.es\/index.php\/wp-json\/wp\/v2\/types\/page"}],"author":[{"embeddable":true,"href":"https:\/\/premios.asociacionpodcast.es\/index.php\/wp-json\/wp\/v2\/users\/1"}],"replies":[{"embeddable":true,"href":"https:\/\/premios.asociacionpodcast.es\/index.php\/wp-json\/wp\/v2\/comments?post=33"}],"version-history":[{"count":23,"href":"https:\/\/premios.asociacionpodcast.es\/index.php\/wp-json\/wp\/v2\/pages\/33\/revisions"}],"predecessor-version":[{"id":479,"href":"https:\/\/premios.asociacionpodcast.es\/index.php\/wp-json\/wp\/v2\/pages\/33\/revisions\/479"}],"wp:attachment":[{"href":"https:\/\/premios.asociacionpodcast.es\/index.php\/wp-json\/wp\/v2\/media?parent=33"}],"curies":[{"name":"wp","href":"https:\/\/api.w.org\/{rel}","templated":true}]}}